edcb (base 16) in base 7?
44161205
What is 758423 (base 13) in base 10?
2760137
What is -100110 (base 5) in base 8?
-6123
Convert -2020012002111 (base 3) to base 2.
-100100001001110110100
What is -10220312202 (base 5) in base 13?
-22b150a
Convert -323204020 (base 5) to base 4.
-11101112000
-522620 (base 8) to base 5
-21022311
What is 3561b8 (base 14) in base 2?
110111100111010100110
What is 2340204303 (base 5) in base 2?
10100100101101111001101
Convert 37eec3 (base 15) to base 11.
1572927
Convert -4547727 (base 10) to base 2.
-10001010110010010001111
58cb21 (base 13) to base 6
113143203
-406456 (base 7) to base 4
-100332103
Convert -30201101222 (base 4) to base 13.
-8abb37
What is 3646333 (base 7) in base 13?
133c21
2202521 (base 6) to base 5
12000424
Convert 2206410 (base 8) to base 16.
90d08
Convert -f594 (base 16) to base 3.
-10012020110
What is -1101101110 (base 2) in base 12?
-612
Convert 1653271 (base 8) to base 13.
13abb5
-11342403 (base 7) to base 3
-1212220121220
What is 314230410 (base 5) in base 6?
44150254
-1842264 (base 9) to base 11
-64519a
Convert -9a07a0 (base 13) to base 4.
-31311320100
What is 3312211 (base 4) in base 7?
64003
Convert 19b8 (base 15) to base 13.
26c9
What is 13503055 (base 6) in base 3?
212100021022
301000301 (base 5) to base 8
4417370
10000010000111101000110 (base 2) to base 4
100100331012
Convert -3722165 (base 8) to base 4.
-3322101311
-16262004 (base 7) to base 9
-2864726
What is 122210 (base 10) in base 12?
5a882
What is -800337 (base 9) in base 16?
-7365d
What is -63644 (base 16) in base 2?
-1100011011001000100
201200020001 (base 3) to base 7
3202021
What is 7167338 (base 9) in base 13?
a3b66b
Convert -111101020 (base 3) to base 14.
-37a9
-3245030 (base 7) to base 10
-397901
Convert -50b55 (base 14) to base 3.
-100212112201
Convert -232221333332 (base 4) to base 12.
-4119b12
431125542 (base 6) to base 15
a06b72
12515526 (base 8) to base 13
769c48
What is -101010010101101001100101 (base 2) in base 9?
-22785526
What is 5240412 (base 7) in base 2?
10011010001101110100
-3234311201 (base 5) to base 2
-11010100000001101011100
What is 110012102220200 (base 3) in base 2?
11000101111000110101000
119288 (base 10) to base 11
81694
What is -22501122 (base 6) in base 7?
-5612312
656132 (base 7) to base 13
40445
Convert -230322 (base 5) to base 16.
-2014
-247622 (base 12) to base 15
-bad2e
2718055 (base 10) to base 7
32050234
140620213 (base 7) to base 12
309b7b1
What is -3005442 (base 7) in base 2?
-1010110101001001000
Convert -545444 (base 7) to base 10.
-95582
-6a482 (base 11) to base 7
-602406
What is 31220301 (base 4) in base 12?
283a9
2269847 (base 12) to base 2
11001001101111101110111
Convert -2c706 (base 16) to base 5.
-21311042
What is 8fc41 (base 16) in base 2?
10001111110001000001
What is 2540036 (base 13) in base 8?
54257664
What is 344573 (base 8) in base 15?
24a7a
-699d80 (base 16) to base 12
-2399680
What is 264918 (base 11) in base 16?
65a7c
-134120 (base 7) to base 15
-7815
What is 657a9 (base 11) in base 2?
10111010011101011
Convert -157320 (base 11) to base 16.
-3b8f6
-267b67 (base 13) to base 3
-1202022110200
2534022 (base 6) to base 3
20221212112
-3326416 (base 7) to base 15
-81927
48608 (base 13) to base 8
403352
Convert 37889 (base 15) to base 11.
11133a
What is 100202102201210 (base 3) in base 14?
98d902
What is 2111101221100 (base 3) in base 12?
53b953
-1602356 (base 7) to base 6
-4411325
Convert 1de912 (base 15) to base 2.
101100110000110101000
Convert 103044322 (base 5) to base 6.
13235431
3000017 (base 8) to base 16
c000f
103321543 (base 7) to base 13
1382017
Convert -efb59 (base 16) to base 10.
-981849
-22211133 (base 4) to base 8
-124537
Convert 216011 (base 15) to base 16.
184189
388465 (base 10) to base 14
a17d7
-21438 (base 16) to base 9
-226806
Convert -34134022 (base 5) to base 15.
-5e8e2
-3297234 (base 10) to base 4
-30210333102
What is 3b0148 (base 13) in base 11?
8960a6
-2279 (base 15) to base 9
-11026
Convert 42514411 (base 7) to base 9.
6723224
What is 4ece3 (base 16) in base 15?
65992
What is 28b13 (base 15) in base 10?
130743
-46d6a (base 14) to base 2
-101010001011100010
-55de60 (base 15) to base 6
-223452043
Convert 2111022022 (base 3) to base 2.
1011111110101011
What is -920b3 (base 15) in base 4?
-1300323033
What is 176756 (base 9) in base 7?
635415
Convert 1110011010101 (base 2) to base 7.
30343
-55ba71 (base 12) to base 4
-11032010311
Convert -2800a (base 12) to base 7.
-320146
Convert 65bb5 (base 13) to base 4.
231000212
Convert 45758 (base 13) to base 9.
212448
2143003312 (base 5) to base 12
1686a2b
-315540 (base 8) to base 14
-2a544
6866a (base 12) to base 6
2552214
-200022200222 (base 3) to base 16
-580be
What is 5903362 (base 11) in base 8?
47254010
What is -5405660 (base 9) in base 13?
-7a5b63
Convert -30302303031 (base 4) to base 12.
-1158a39
What is -1b6379 (base 14) in base 9?
-1748856
-31031000131 (base 4) to base 7
-41263546
What is -130103000 (base 4) in base 12?
-570a8
-54780 (base 12) to base 10
-111696
Convert -88554 (base 11) to base 16.
-1f5b8
What is -52241126 (base 7) in base 16?
-431663
Convert -11211010121110 (base 3) to base 13.
-6b8b45
Convert 111101001111011111001 (base 2) to base 14.
3a3493
What is -102111122212200 (base 3) in base 2?
-10111010100110111001010
Convert 211066 (base 9) to base 8.
365010
-132504533 (base 6) to base 2
-1010000111101000001001
Convert 2aa48 (base 15) to base 16.
21866
1214884 (base 9) to base 13
1a13a3
What is -307253 (base 10) in base 6?
-10330245
What is -dfef5 (base 16) in base 7?
-10540106
What is -35542 (base 11) in base 15?
-102a4
-354570 (base 10) to base 8
-1264412
Convert -5c414 (base 16) to base 4.
-1130100110
-20102121101111 (base 3) to base 2
-1101000010010000010010
Convert -14241553 (base 6) to base 15.
-997a0
What is -5840869 (base 10) in base 11?
-332a371
Convert -1110421 (base 6) to base 14.
-1651b
Convert -215a8b (base 12) to base 5.
-113403322
What is a4649 (base 15) in base 5?
113134134
What is -153025200 (base 6) in base 14?
-5dc7cc
-22201011000 (base 3) to base 9
-281130
Convert 217447 (base 8) to base 5.
4323021
What is -1101722 (base 8) in base 12?
-123296
What is -452178 (base 11) in base 7?
-6056635
Convert 441357 (base 9) to base 12.
108574
Convert 1614714 (base 9) to base 5.
212131132
-11975c6 (base 13) to base 3
-101021222112112
Convert -2111210221011 (base 3) to base 15.
-1b5734
Convert 1659e (base 15) to base 7.
420230
Convert 78143 (base 12) to base 11.
a9651
5261211 (base 8) to base 16
156289
What is 1010212120222 (base 3) in base 11?
385624
3749b5 (base 15) to base 7
31336454
What is 110111010011110101 (base 2) in base 10?
226549
-74939 (base 15) to base 8
-1322442
What is 55640 (base 9) in base 5?
2140342
-2250024 (base 6) to base 5
-12142420
Convert 1012021212101 (base 3) to base 16.
9b2c6
What is -1201100220011 (base 3) in base 6?
-31321051
Convert -11112200200011 (base 3) to base 6.
-123432134
What is 20211110112222 (base 3) in base 16?
3766e8
Convert 1220665 (base 9) to base 2.
10100001111010100110
Convert -11111302231 (base 4) to base 8.
-5256255
What is 2423443 (base 5) in base 3?
2022102010
Convert -ac891 (base 13) to base 9.
-526861
What is 30606625 (base 7) in base 12?
a415aa
-13022044 (base 5) to base 13
-45788
What is 831297 (base 13) in base 11?
17aa044
-13143001 (base 6) to base 10
-433513
What is 112020122221 (base 3) in base 10?
280420
What is -1002112212000 (base 3) in base 14?
-111d74
Convert -100114344 (base 5) to base 11.
-24a828
-14b17 (base 14) to base 15
-1042e
Convert 1111100010001100101 (base 2) to base 10.
509029
What is 2750320 (base 10) in base 15?
394d9a
140401 (base 7) to base 12
13494
What is -a670 (base 15) in base 11?
-244a5
What is 2036378 (base 12) in base 5?
3021420233
What is 8a70a0 (base 16) in base 12?
3056568
What is -114000221 (base 5) in base 15?
-a765b
Convert -41120111 (base 5) to base 9.
-556128
What is 200330 (base 10) in base 12?
97b22
Convert 10010110100010 (base 2) to base 6.
112334
What is 23024423 (base 5) in base 9?
342164
Convert 133309 (base 10) to base 8.
404275
What is -340654 (base 8) in base 5?
-12140431
What is 378596 (base 10) in base 9?
636302
What is -22422341 (base 5) in base 8?
-611574
Convert 2767722 (base 8) to base 1